7824?
7
What is the hundred thousands digit of 52217914?
2
What is the hundreds digit of 574482838?
8
What is the thousands digit of 15561675?
1
What is the hundred millions digit of 5580023252?
5
What is the units digit of 171024811?
1
What is the ten thousands digit of 6309891?
0
What is the ten thousands digit of 42619702?
1
What is the hundreds digit of 99238099?
0
What is the ten millions digit of 72704195?
7
What is the hundreds digit of 37821956?
9
What is the hundred thousands digit of 2760429451?
4
What is the hundred millions digit of 555136221?
5
What is the millions digit of 50210835?
0
What is the hundreds digit of 152490950?
9
What is the millions digit of 239474345?
9
What is the units digit of 1979673819?
9
What is the ten thousands digit of 55074531?
7
What is the billions digit of 1080824542?
1
What is the thousands digit of 262973440?
3
What is the hundred thousands digit of 406136676?
1
What is the millions digit of 4659894284?
9
What is the ten millions digit of 41842396?
4
What is the tens digit of 387047635?
3
What is the millions digit of 80329739?
0
What is the tens digit of 4356310298?
9
What is the tens digit of 290144959?
5
What is the hundred thousands digit of 50453731?
4
What is the tens digit of 591245040?
4
What is the ten thousands digit of 48864753?
6
What is the hundred thousands digit of 217852434?
8
What is the millions digit of 497384963?
7
What is the hundreds digit of 22886871?
8
What is the thousands digit of 809660393?
0
What is the hundreds digit of 125530324?
3
What is the ten thousands digit of 210072960?
7
What is the hundred thousands digit of 77814619?
8
What is the tens digit of 587594920?
2
What is the hundreds digit of 371800289?
2
What is the hundred thousands digit of 238404300?
4
What is the billions digit of 2624948421?
2
What is the millions digit of 52961233?
2
What is the hundred thousands digit of 1022065?
0
What is the thousands digit of 2363244256?
4
What is the ten thousands digit of 994022918?
2
What is the tens digit of 36960570?
7
What is the hundreds digit of 210553028?
0
What is the hundreds digit of 182627666?
6
What is the ten thousands digit of 4775746?
7
What is the ten millions digit of 25970359?
2
What is the thousands digit of 198429469?
9
What is the units digit of 177053110?
0
What is the ten millions digit of 257588117?
5
What is the hundred millions digit of 2774881285?
7
What is the thousands digit of 3939185112?
5
What is the tens digit of 88744041?
4
What is the thousands digit of 87326770?
6
What is the thousands digit of 566945096?
5
What is the hundred millions digit of 3817587332?
8
What is the units digit of 1313577947?
7
What is the ten thousands digit of 3749926552?
2
What is the hundreds digit of 105832409?
4
What is the millions digit of 430399317?
0
What is the tens digit of 1155486896?
9
What is the billions digit of 1062473377?
1
What is the tens digit of 3094893644?
4
What is the thousands digit of 42274372?
4
What is the millions digit of 34185270?
4
What is the thousands digit of 620970065?
0
What is the ten millions digit of 53669325?
5
What is the hundred thousands digit of 180149907?
1
What is the hundred millions digit of 835620651?
8
What is the ten millions digit of 67540826?
6
What is the hundred thousands digit of 84335291?
3
What is the units digit of 36164425?
5
What is the millions digit of 36618046?
6
What is the millions digit of 886166482?
6
What is the tens digit of 322434001?
0
What is the hundred thousands digit of 80376254?
3
What is the units digit of 28110678?
8
What is the ten thousands digit of 2343286?
4
What is the units digit of 665798291?
1
What is the hundred thousands digit of 2835672019?
6
What is the hundred thousands digit of 47830294?
8
What is the hundreds digit of 58102094?
0
What is the tens digit of 39339100?
0
What is the ten thousands digit of 278115676?
1
What is the millions digit of 32713404?
2
What is the tens digit of 3949245652?
5
What is the billions digit of 1752431910?
1
What is the ten thousands digit of 2709084135?
8
What is the millions digit of 99238056?
9
What is the ten thousands digit of 2837226242?
2
What is the ten thousands digit of 1149778812?
7
What is the ten millions digit of 910444060?
1
What is the thousands digit of 9730326?
0
What is the tens digit of 4491459666?
6
What is the ten thousands digit of 277130010?
3
What is the ten thousands digit of 2367361377?
6
What is the hundred millions digit of 768311028?
7
What is the ten thousands digit of 116125597?
2
What is the ten thousands digit of 2443760903?
6
What is the millions digit of 204644049?
4
What is the ten millions digit of 2211643029?
1
What is the millions digit of 221025402?
1
What is the ten thousands digit of 564764895?
6
What is the units digit of 970107329?
9
What is the units digit of 26859399?
9
What is the units digit of 1083057251?
1
What is the ten millions digit of 788848603?
8
What is the hundred thousands digit of 20934496?
9
What is the tens digit of 5089854200?
0
What is the ten millions digit of 186643229?
8
What is the tens digit of 4619640530?
3
What is the hundreds digit of 32651930?
9
What is the millions digit of 1007788952?
7
What is the millions digit of 9305278?
9
What is the thousands digit of 50070079?
0
What is the tens digit of 98471300?
0
What is the millions digit of 64591052?
4
What is the millions digit of 659883800?
9
What is the hundred thousands digit of 26974014?
9
What is the hundred thousands digit of 1215213564?
2
What is the millions digit of 77274493?
7
What is the hundreds digit of 6409659421?
4
What is the hundred millions digit of 1151670218?
1
What is the thousands digit of 12756332?
6
What is the thousands digit of 29198252?
8
What is the hundred thousands digit of 2226568?
2
What is the hundred thousands digit of 39404119?
4
What is the hundred millions digit of 1616804765?
6
What is the ten thousands digit of 12422756?
2
What is the hundreds digit of 14779787?
7
What is the ten millions digit of 228029470?
2
What is the tens digit of 1292141201?
0
What is the units digit of 937608204?
4
What is the units digit of 241527949?
9
What is the tens digit of 94990843?
4
What is the tens digit of 2484220327?
2
What is the tens digit of 42366057?
5
What is the hundreds digit of 4992877386?
3
What is the thousands digit of 20143317?
3
What is the hundreds digit of 461062724?
7
What is the ten thousands digit of 109453064?
5
What is the thousands digit of 4056348289?
8
What is the ten thousands digit of 257411303?
1
What is the hundred thousands digit of 111151435?
1
What is the ten thousands digit of 113523124?
2
What is the millions digit of 1113506532?
3
What is the tens digit of 139674092?
9
What is the hundred millions digit of 993075832?
9
What is the hundreds digit of 5329193125?
1
What is the hundred thousands digit of 2639682087?
6
What is the hundreds digit of 2066172989?
9
What is the ten millions digit of 205009469?
0
What is the hundred thousands digit of 5646052?
6
What is the ten thousands digit of 1778162487?
6
What is the millions digit of 1443324935?
3
What is the hundred millions digit of 4119324870?
1
What is the units digit of 3073803329?
9
What is the ten thousands digit of 2583715628?
1
What is the hundred millions digit of 346542533?
3
What is the hundreds digit of 1374029970?
9
What is the units digit of 581477421?
1
What is the hundred thousands digit of 137386494?
3
What is the units digit of 79299242?
2
What is the tens digit of 401687346?
4
What is the hundred thousands digit of 2649327885?
3
What is the ten millions digit of 68069101?
6
What is the units digit of 4567074721?
1
What is the billions digit of 3557570728?
3
What is the tens digit of 554406213?
1
What is the units digit of 497757161?
1
What is the millions digit of 530158353?
0
What is the tens digit of 11835440?
4
What is the units digit of 1531411133?
3
What is the hundred thousands digit of 10051094?
0
What is the units digit of 5782755432?
2
What is the hundreds digit of 2615747472?
4
What is the ten thousands digit of 70477167?
7
What is the hundred thousands digit of 1789925025?
9
What is the ten thousands digit of 71110943?
1
What is the hundred thousands digit of 177221075?
2
What is t